et o = -54 - -60. Let g be x(o). Suppose -20 = 5*u, 0*u + 20 = g*k + 5*u. Calculate the remainder when k is divided by 5.
0
Let v = 316 + -355. Let y = 58 + v. What is the remainder when 586 is divided by y?
16
Let l(j) = -5*j**2 - 23*j + 14. Let w be l(-5). Calculate the remainder when ((w - 1)/(-1))/(9/(-48)) is divided by 7.
2
Suppose 106*s = 113*s - 343. Calculate the remainder when 1077 is divided by s.
48
Let t = 158 + -158. Suppose -3*f - 4*x + 2 = t, 2*f - 12*x + 14*x - 2 = 0. What is the remainder when 33 is divided by f?
1
Calculate the remainder when 728 is divided by 2/(((-26)/871)/(-1)).
58
Let d(w) = 1749*w - 10329. Calculate the remainder when d(6) is divided by 1/4 + (-139)/(-4).
25
Let g(u) = 318*u - 2191. What is the remainder when 322 is divided by g(7)?
7
Let u(q) = -q**2 + 6*q + 7. Suppose -4*j + 1976 = -3*m, m - j + 481 = -178. Let x = m - -712. Calculate the remainder when x is divided by u(5).
4
Suppose 46 = 4*v + 2*p, v - 5*p = -2*p + 1. Suppose 318 = -v*n + 16*n. What is the remainder when n is divided by 18?
17
Let x = 11 - 7. Let d(q) = q**2 - 19*q - 20. Let n(l) = -l**2 + 20*l + 20. Let a(k) = x*d(k) + 3*n(k). Calculate the remainder when a(18) is divided by 6.
4
Let m = 32 - 22. Let d(l) = 3*l**3 - 4*l**2 - 53*l + 213. What is the remainder when d(4) is divided by m?
9
Suppose -395 = -7*v - 38. Suppose -2*j + 36 = 2*j. Calculate the remainder when 6 - (-1702)/17 - 6/v is divided by j.
7
Suppose -173*h - 10449 = -26162 - 114383. Calculate the remainder when 1527 is divided by h.
23
Suppose -134 = 202*t - 203*t. What is the remainder when 413 is divided by t?
11
Let o(t) = -t**3 + 23*t**2 - 82*t + 4. Suppose 8*k - 53 + 13 = 0. Calculate the remainder when o(k) is divided by 9.
8
Let b = 1848 - 1536. What is the remainder when b is divided by 42?
18
Let q(l) = -71*l**3 + 2*l**2 - 2*l + 1. Let i be q(1). Suppose 5*t = j + 22, -73*j + 74*j = -t - 46. Calculate the remainder when 19 is divided by j/i + 44/10.
4
Let k = 49 - 43. Calculate the remainder when 1220/23 - (-169)/(-3887) is divided by k.
5
Suppose -4 = -5*d + 6. Let q = 551 + -383. Suppose -d*a = -5*a - 3*p + q, p = 2*a - 121. What is the remainder when a is divided by 10?
9
Calculate the remainder when 1963 is divided by 1557/21 - (-56)/(-49).
65
Let q(x) = 2*x + 39. Let d be q(-17). Suppose -49 = -2*g - j - 2*j, -g - d*j = -42. Suppose 9*m - 8*m = g. Calculate the remainder when 31 is divided by m.
14
Suppose 0 = 20*l - 19*l - 3768. Calculate the remainder when l is divided by 26.
24
Suppose 4*f - 1335 = -3*t, -30 = t - 31. Calculate the remainder when f is divided by (15/10)/(3/112).
53
Suppose 36 = 2*m + w, 3*m + 2*w - 3*w - 44 = 0. Suppose -52*x - 1752 = -58*x. Let s = 338 - x. Calculate the remainder when s is divided by m.
14
Let h be 72/(-396) - 97/11. Calculate the remainder when (-318)/h + (1 - 2/6) is divided by 11.
3
Let u = 1362 + -1993. Let v = u - -692. What is the remainder when 180 is divided by v?
58
Let d = 507254 + -507132. Suppose 5*x - 11 - 44 = 0. What is the remainder when d is divided by x?
1
Suppose -505 = 3*m - 1831. Let r = m - 265. Calculate the remainder when r is divided by 20.
17
Let p be ((-32)/(-48))/((-1)/(-9)*-1). Suppose -2*t - 3*j - 49 = -3, -30 = t - 2*j. Let a = p - t. What is the remainder when a is divided by 11?
9
Let a(v) = -19*v + 34. Let u(g) = -20*g + 34. Let f(z) = -5*a(z) + 4*u(z). What is the remainder when 281 is divided by f(7)?
68
Let p be (15/(-9))/5 + (-8)/3. Let l(z) = 15*z + 31. Let w(n) = -16*n - 30. Let g(u) = -3*l(u) - 2*w(u). What is the remainder when 94 is divided by g(p)?
4
Let k = -191221 + 191378. Calculate the remainder when k is divided by (12/(-1))/((-4)/6).
13
Let z = -168 + 20. Let d = -72 + 104. Calculate the remainder when d is divided by 7/21 - z/6.
7
Let b = 54 - -134. Suppose 0 = -0*p - 4*p + b. Let w = -62 - -70. What is the remainder when p is divided by w?
7
Suppose -16*t - 18*t - 3*t + 62826 = 0. What is the remainder when t is divided by 46?
42
Let f = 16 - 12. Suppose 8*t - 599 = -f*r + 3*t, -4*t + 760 = 5*r. Calculate the remainder when r is divided by 53.
50
Let i(k) = -k**2 - 33*k + 1373. Calculate the remainder when i(-51) is divided by 7.
0
Suppose 3*m - 6 = -5*n + 4*n, -n + 4 = 2*m. Let f = -21 + 76. Suppose 0 = -7*y + m*y + f. What is the remainder when y is divided by 6?
5
Suppose -2*m = 5*j - 60, 0 = -5*j + 3*m - 6 + 66. Calculate the remainder when 56*10/(-40) + 71 is divided by j.
9
Let v(i) = -i**2 + 18*i - 1. Suppose -135 = -13*k - 18. Calculate the remainder when v(k) is divided by 22.
14
Let m(l) = -48*l + 436. What is the remainder when 91 is divided by m(8)?
39
Let m(k) = 127449*k + 31 - 127449*k + 2*k**2. Calculate the remainder when m(-8) is divided by 81.
78
Suppose -3*t + 8 = 5*u + 3, -3*t + 4*u = -23. Suppose 3*z = 2*z - 3*f, -2*z - t*f + 4 = 0. What is the remainder when 142 is divided by z?
10
Suppose -5*p - 202 = -2*t + 32, -3*p + 351 = 3*t. Suppose -123*a + t*a = -1164. Calculate the remainder when a is divided by 3.
2
Let w be 45/(-2)*(-192)/36. What is the remainder when 143 is divided by (-3 + 8)*w/25?
23
Suppose 213 = 4*u - 59. Suppose 22*b = -36*b + 116. Suppose -f - 5*t = -u, 5*t = b*f - 0*f - 181. What is the remainder when f is divided by 22?
17
Suppose 4299*i + 636 = 4311*i. What is the remainder when 315 is divided by i?
50
Let i = -25 + 91. Suppose 3854 = -19*m + i*m. What is the remainder when m is divided by 5*(84/10)/2?
19
Suppose 42*n - 40*n = -8. Let o(i) = 11*i + 50. Calculate the remainder when o(n) is divided by 5.
1
Let d be (-1)/(1/73)*-1. Let q = -36 + d. Calculate the remainder when 146 is divided by q.
35
Suppose 0*z = -5*z + 15. Let j = 3 - -5. Suppose 5*g = -3*h + 3, 2 = 2*g - h - j. What is the remainder when g is divided by z?
0
Calculate the remainder when 13959/188 - 27/12 is divided by 34.
4
Suppose 0 = -21*u + 25 - 88. Calculate the remainder when 110 is divided by 75/(5 - 10)*u.
20
Suppose -855*k + 802*k + 5512 = 0. Calculate the remainder when 138 is divided by k.
34
Let q(r) = -22*r**2 + 3*r - 7. Let b(f) = -23*f**2 + 2*f - 6. Let y(s) = -3*b(s) + 2*q(s). Let h = -14 - -16. What is the remainder when y(h) is divided by 35?
34
Let q(f) = -75*f + 918. What is the remainder when q(5) is divided by 72?
39
Let s(w) = -w**2 - 547*w + 5619. What is the remainder when 1308 is divided by s(10)?
34
Suppose -5*b - 23*j + 25*j = -6530, b = -2*j + 1318. What is the remainder when b is divided by 649?
10
Let f = 367 - 235. Suppose 8*b - 1284 = -f. What is the remainder when b is divided by 37?
33
Suppose 304 = 14*a + 13*a - 209. What is the remainder when 332 is divided by a?
9
Suppose b + 103 = 2*l, 3*l = -2*b + 4*b + 157. Suppose -1230 = -5*m - j - 4*j, 5*m - 5*j - 1200 = 0. Calculate the remainder when m is divided by l.
47
Let h = 19897 + -18235. What is the remainder when h is divided by 1656?
6
What is the remainder when 6159 is divided by 481/(-259)*(8 - 1) + 39?
23
Suppose 66*i = 61*i + 2*m + 104, 7*m + 14 = 0. What is the remainder when 1678 is divided by i?
18
Let z = 213 + -182. Let m(u) = u**3 - 13*u**2 - 10*u - 48. What is the remainder when z is divided by m(14)?
7
Let y = 3412 + -3397. Calculate the remainder when 643 is divided by y.
13
Let t(i) = i**3 - 27*i**2 + 49*i + 44. Let v be 27 + -2 - -4 - 4. What is the remainder when 89 is divided by t(v)?
13
Suppose -5*h - 7 = -3*b, -3*b + b = -8. Let k(t) = -t**3 + 17*t**2 + 12*t + 6. What is the remainder when k(0) is divided by (-1 + 0)*(h + -6)?
1
Let i be (2 - 6/9)*816. What is the remainder when 1079 is divided by i/85 - 3/(15/4)?
11
Let w = 5 + 34. Let q = w + -27. What is the remainder when (-3)/2*(-2726)/87 is divided by q?
11
Let i(u) = u**2 - 2*u + 6. Suppose 3*o - 304 = -2*o - 3*d, 0 = o + 5*d - 74. Calculate the remainder when i(-12) is divided by o.
56
Let j(k) = -76*k - 3226. Calculate the remainder when j(-78) is divided by 16.
14
Suppose -o = 5*d - 150, 0 = 5*d - 2*o - 212 + 47. Suppose 0 = 4*p + 5*n + 32, n + 22 = -2*p - 3*n. What is the remainder when d is divided by (p/2)/((-87)/986)?
14
Calculate the remainder when -1*5*(-4630)/50 is divided by 0/(-103) + 0 + 58.
57
Suppose 0 = 4*t + 2*f - 4, -5*t + 0*t = 4*f + 1. Let x(m) = -m**3 + 4*m**2 + 3*m +